) - (-12)/16). Suppose 0 = -19*h + 16*h + t. What is the remainder when h is divided by 17?
13
Let w = 57 - 43. Suppose -w = -p + 2. What is the remainder when p is divided by 9?
7
Suppose -13 = 4*b - 65. What is the remainder when b is divided by (-7)/(-49) - (-220)/28?
5
Suppose 3*x + 2*a + 300 = 6*x, 3*a = -x + 89. What is the remainder when x is divided by 5?
3
Suppose -629*c + 644*c = 210. What is the remainder when 180 is divided by c?
12
Let g(y) = 5*y - 3. Let x be g(3). Let j = 284 + -279. Suppose i = x + j. Calculate the remainder when 30 is divided by i.
13
Let d(b) = -b**3 - 17*b**2 - b - 15. Let o be d(-17). Suppose 260 = o*c + 3*k, 3*c + k - 268 = 108. What is the remainder when c is divided by 9?
7
Let y be 42/(4 - (-76)/(-16)). Let d = y + 140. What is the remainder when d is divided by 22?
18
Suppose 174*v + 510 = 184*v. Calculate the remainder when v is divided by 49.
2
Suppose -3*l + u - 3 + 229 = 0, 4*l - 4*u = 296. What is the remainder when 302 is divided by l?
74
Let k(v) = 37*v**2 + 3*v - 4. Let b = -91 - -160. What is the remainder when b is divided by k(1)?
33
Suppose 3*u + i = 14 + 19, -i + 45 = 4*u. Calculate the remainder when 59 - 5/(5/2) is divided by u.
9
Let t = -14 + -21. What is the remainder when 2/(-10) + -4 + (-3472)/t is divided by 14?
11
Let f(c) = -2*c**2 + 57*c + 38. What is the remainder when f(28) is divided by 24?
18
Let q(h) be the third derivative of h**5/60 + 2*h**3/3 - h**2. Suppose 6*c = -688 + 910. Calculate the remainder when c is divided by q(3).
11
Suppose -172*a + 186*a = 7602. What is the remainder when a is divided by 110?
103
Calculate the remainder when 7 + (0 - -55 - 2) is divided by 16.
12
Let i = -2 + 50. Let t(s) = s**3 + 4*s**2 + 14*s + 108. Calculate the remainder when i is divided by t(-5).
9
Let u = -4 - -11. What is the remainder when (u - 4)/((-9)/(-93)) is divided by 8?
7
Let x = 6 + -13. Let o(a) = a + 9. Let u be o(x). Suppose y - 23 - 21 = -2*i, 0 = -4*i + u*y + 96. What is the remainder when 45 is divided by i?
22
Let j(u) = 79*u**3. Let p be 3 - -3 - 3 - -1. Let y be ((-2)/8)/((-1)/p). Calculate the remainder when j(y) is divided by 20.
19
Let z = -269 + 186. Let j = -67 - z. Calculate the remainder when 61 is divided by j.
13
Suppose 5*b + 0*b = 4*k + 1263, -b = 4*k - 267. Calculate the remainder when b is divided by 30/(-10)*(-32)/(-24) - -47.
40
Suppose 2*v - 95 = -3*v. Let m = 31 - 29. Suppose 3*k - m*i = 2*i + 45, 5*k - 3*i = 64. Calculate the remainder when v is divided by k.
8
Let t(w) = -w**3 + 2*w**2 + 24*w + 82. Calculate the remainder when 13 is divided by t(7).
3
Suppose 28*i - 26*i - 290 = 0. What is the remainder when i is divided by (-1)/(-1 + (-76)/(-80)) + 1?
19
Suppose 2*c - 12 = -2*m, 4*m + 5*c = 28 - 3. Suppose y - 228 = -m*y. What is the remainder when y is divided by 10?
8
Let f = 30 + -6. Suppose k + 3*a + 12 = 0, -7 = -3*k - 5*a - 23. What is the remainder when f is divided by (1 - 4)*(-9)/k?
6
Suppose 652 = 27*u - 374. Calculate the remainder when 173 is divided by u.
21
Let a = 2 - -2. Suppose -4*t + 1 = -7. Suppose -2 = -t*p + 4. What is the remainder when a is divided by p?
1
Let i(u) = -18*u + 934. What is the remainder when i(50) is divided by 25?
9
Suppose -z + 2*t = -5*z - 1684, 3*z + 1265 = -2*t. Calculate the remainder when z/(-4) + 2/8*1 is divided by 27.
24
Let i(p) = 3*p**2 - 32*p + 50. What is the remainder when i(11) is divided by 33?
28
Let i be (-3)/3*(-4 - 0). Let c = -124 - -134. Calculate the remainder when 50 + (1 - i) + 0 is divided by c.
7
Suppose -7*v = -987 + 196. What is the remainder when v is divided by 31?
20
Suppose -2*w + 13 = z - 5*w, 2*z + 4*w = 16. Suppose -2*i = -z - 12. Let d = i - -1. Calculate the remainder when d is divided by 3.
0
Let l(v) be the first derivative of 43*v**2/2 + 3*v - 41. Calculate the remainder when 228 is divided by l(1).
44
Let q = 28 + -43. What is the remainder when 45 is divided by 50/q*(-18)/5?
9
Suppose -3*i = -112 + 22. Let s = i + -21. What is the remainder when 16 is divided by s?
7
Let h = 143 - 106. Calculate the remainder when 151 is divided by h.
3
Suppose -110*y + 115*y - 65 = 0. Calculate the remainder when 22 is divided by y.
9
Let n(s) = s + 9. Let a be n(-7). Suppose 0*i = -a*i + 48. Suppose 0 = -22*x + 26*x - 188. What is the remainder when x is divided by i?
23
Let p = 30 + -16. Let v(b) = 5*b - 17. Let j be v(5). Calculate the remainder when p is divided by -2*-2*j/4.
6
Let u = 114 + -109. Calculate the remainder when 107 is divided by u.
2
Suppose 0 = 5*n - x - 908, -3*x - 2*x = 5*n - 920. Suppose -3*q - 16 = n. Let a = q - -113. What is the remainder when a is divided by 12?
11
Let v = -146 - -149. Calculate the remainder when 6/36 - (-106)/12 is divided by v.
0
Let q(s) = -21 + 0*s + 13 - 3*s + 0*s. Calculate the remainder when q(-12) is divided by 15.
13
Let k(p) = p**2 - 4*p + 3. Let b be k(3). Let h be -15*(-2 + 3 + b). What is the remainder when 16 is divided by (-3)/(-9) + (-130)/h?
7
Calculate the remainder when 54 is divided by (13 + -14)*35/(-7).
4
Let c(v) = v - 3. Let r be c(3). Suppose 4*b + t - 248 - 68 = r, 5*t = 20. What is the remainder when b is divided by 27?
24
Suppose -3*y = -4*y - 9. Let i = y + 22. Suppose -c = -6*c + 4*o + 125, -2*c + 5*o = -50. Calculate the remainder when c is divided by i.
12
Suppose -2*v - 4 = 0, 4*i + 3*v = 5*v + 140. Let s(w) = 4 - 4*w + 3*w**2 - 3 + 4. Calculate the remainder when i is divided by s(2).
7
Let x(t) = 30*t + 39. Let k(h) = -6*h - 8. Let i(u) = 11*k(u) + 2*x(u). Calculate the remainder when 87 is divided by i(-9).
43
Suppose 3*k = j - 14, 0 = j + 5*k - 9 - 5. Calculate the remainder when -4*7/((-14)/12) is divided by j.
10
Let i = 638 - 601. Calculate the remainder when 170 is divided by i.
22
Suppose -2*w = -0*w + 4*s - 36, -w = -2*s + 2. Let d = -2 - w. What is the remainder when 21 is divided by (-4)/d + (-106)/(-10)?
10
Suppose 22*k - 56*k = -680. What is the remainder when 193 is divided by k?
13
Let u(p) = p**2 - 4*p - 2. Let i be u(5). Let z = 218 - 219. Let c = i + z. Calculate the remainder when c is divided by 2.
0
Let m(r) = 2*r**3 + 3*r**2 + 2*r - 6. Let d be m(-3). Let g = d + 43. Calculate the remainder when 10 is divided by g.
2
Let f = -1 - -8. Let w(d) = 4*d**2 - 5*d + 10. Let o be w(4). Suppose 0 = x + 4*t - 2*t - 3, 3*x = 3*t + o. What is the remainder when x is divided by f?
6
Let p(a) = 12*a**2 - 3*a + 1. Let q be p(1). Suppose q*o + 162 = 562. What is the remainder when 155 is divided by o?
35
Let y = 23 - 19. Suppose 0*l - k = 3*l - 2, 4 = -y*k. Suppose 2*o - 7 = -l. What is the remainder when 10 is divided by o?
1
Suppose -87 = -d + 11. Let x = -28 - -48. Calculate the remainder when d is divided by x.
18
Let n = 28 + -26. Calculate the remainder when 15 is divided by n.
1
Let t = -16 - -100. Let n(a) = -a**3 - 4*a**2 + 17*a + 52. What is the remainder when t is divided by n(-6)?
18
Suppose 5*r + 5 = -5*n, 0*n + n - 2*r - 2 = 0. Suppose 22*j - 34 = 21*j - 4*o, 65 = 5*j - o. Calculate the remainder when 3*(n - (-25)/3) is divided by j.
11
Let k = -350 + 445. What is the remainder when k is divided by 16?
15
Let o(h) = -19*h - 20. What is the remainder when 107 is divided by o(-2)?
17
Let j(w) = w**3 + 16*w**2 + 7*w - 11. What is the remainder when j(-11) is divided by 65?
62
Let w = -1607 + 1640. What is the remainder when 525 is divided by w?
30
Let d = -1236 + 1444. What is the remainder when d is divided by 8?
0
Suppose -4*v + 4*o + 48 = 0, 0*v - 5*v - 5*o + 80 = 0. Let s(j) be the first derivative of 3*j**2 - 7*j + 3. Calculate the remainder when s(8) is divided by v.
13
Let x(d) = 6*d - 22. Let j be x(4). Suppose 2*l - 18 = -j. Suppose 3*w - 69 = -0*w. Calculate the remainder when w is divided by l.
7
Suppose 4*h = 2 - 14. Let k = h + 11. What is the remainder when 22 is divided by k?
6
Let a(i) = 2*i**2 + 122*i + 902. Calculate the remainder when a(-7) is divided by 20.
6
Let y = -409 - -745. Suppose -9 = -2*w - w - b, -2*w = -b - 11. Suppose w*v + 72 = y. Calculate the remainder when v is divided by 23.
20
Suppose 149 = 5*b - 4*o, 5*o = -2*b - 0*b + 86. Calculate the remainder when 9620/518*(-14)/(-2) is divided by b.
31
Suppose 6*j + 34 + 26 = 0. What is the remainder when